{"id":97,"date":"2024-01-13T18:01:27","date_gmt":"2024-01-13T17:01:27","guid":{"rendered":"https:\/\/gehwaehlen-duesseldorf.de\/24\/?post_type=tribe_events&#038;p=97"},"modified":"2024-01-13T18:01:27","modified_gmt":"2024-01-13T17:01:27","slug":"europawahl","status":"publish","type":"tribe_events","link":"https:\/\/gehwaehlen-duesseldorf.de\/24\/termin\/europawahl\/","title":{"rendered":"Europawahl"},"content":{"rendered":"<p>Vom 6. bis 9. Juni 2024 w\u00e4hlen die B\u00fcrgerinnen und B\u00fcrger der Europ\u00e4ischen Union (EU) zum zehnten Mal das\u00a0<span class=\"StrongEmphasis\"><strong>Europ\u00e4ische Parlament<\/strong><\/span>. In Deutschland wird am\u00a0<span class=\"StrongEmphasis\"><strong>Sonntag, 9. Juni 2024<\/strong><\/span><strong>,<\/strong>\u00a0gew\u00e4hlt<\/p>\n","protected":false},"excerpt":{"rendered":"<p>Vom 6. bis 9. Juni 2024 w\u00e4hlen die B\u00fcrgerinnen und B\u00fcrger der Europ\u00e4ischen Union (EU) zum zehnten Mal das\u00a0Europ\u00e4ische Parlament. In Deutschland wird am\u00a0Sonntag, 9. Juni 2024,\u00a0gew\u00e4hlt<\/p>\n","protected":false},"author":1,"featured_media":98,"template":"","meta":{"_tribe_events_status":"","_tribe_events_status_reason":"","footnotes":""},"tags":[],"tribe_events_cat":[],"class_list":["post-97","tribe_events","type-tribe_events","status-publish","has-post-thumbnail","hentry","description-off"],"_links":{"self":[{"href":"https:\/\/gehwaehlen-duesseldorf.de\/24\/wp-json\/wp\/v2\/tribe_events\/97","targetHints":{"allow":["GET"]}}],"collection":[{"href":"https:\/\/gehwaehlen-duesseldorf.de\/24\/wp-json\/wp\/v2\/tribe_events"}],"about":[{"href":"https:\/\/gehwaehlen-duesseldorf.de\/24\/wp-json\/wp\/v2\/types\/tribe_events"}],"author":[{"embeddable":true,"href":"https:\/\/gehwaehlen-duesseldorf.de\/24\/wp-json\/wp\/v2\/users\/1"}],"version-history":[{"count":1,"href":"https:\/\/gehwaehlen-duesseldorf.de\/24\/wp-json\/wp\/v2\/tribe_events\/97\/revisions"}],"predecessor-version":[{"id":102,"href":"https:\/\/gehwaehlen-duesseldorf.de\/24\/wp-json\/wp\/v2\/tribe_events\/97\/revisions\/102"}],"wp:featuredmedia":[{"embeddable":true,"href":"https:\/\/gehwaehlen-duesseldorf.de\/24\/wp-json\/wp\/v2\/media\/98"}],"wp:attachment":[{"href":"https:\/\/gehwaehlen-duesseldorf.de\/24\/wp-json\/wp\/v2\/media?parent=97"}],"wp:term":[{"taxonomy":"post_tag","embeddable":true,"href":"https:\/\/gehwaehlen-duesseldorf.de\/24\/wp-json\/wp\/v2\/tags?post=97"},{"taxonomy":"tribe_events_cat","embeddable":true,"href":"https:\/\/gehwaehlen-duesseldorf.de\/24\/wp-json\/wp\/v2\/tribe_events_cat?post=97"}],"curies":[{"name":"wp","href":"https:\/\/api.w.org\/{rel}","templated":true}]}}

<p>Vom 6. bis 9. Juni 2024 wählen die Bürgerinnen und Bürger der Europäischen Union (EU) zum zehnten Mal das <span class="StrongEmphasis"><strong>Europäische Parlament</strong></span>. In Deutschland wird am <span class="StrongEmphasis"><strong>Sonntag, 9. Juni 2024</strong></span><strong>,</strong> gewählt</p>

<p>Vom 6. bis 9. Juni 2024 wählen die Bürgerinnen und Bürger der Europäischen Union (EU) zum zehnten Mal das Europäische Parlament. In Deutschland wird am Sonntag, 9. Juni 2024, gewählt</p>
