{"id":249,"date":"2024-05-07T10:15:59","date_gmt":"2024-05-07T08:15:59","guid":{"rendered":"https:\/\/gehwaehlen-duesseldorf.de\/24\/?post_type=tribe_events&#038;p=249"},"modified":"2024-05-07T10:16:26","modified_gmt":"2024-05-07T08:16:26","slug":"europa-cafe-situation-queerer-menschen-in-der-eu","status":"publish","type":"tribe_events","link":"https:\/\/gehwaehlen-duesseldorf.de\/24\/termin\/europa-cafe-situation-queerer-menschen-in-der-eu\/","title":{"rendered":"Europa-Caf\u00e9: Situation queerer Menschen in der EU"},"content":{"rendered":"<div class=\"wpb-content-wrapper\"><p>[vc_row][vc_column][vc_column_text]Die rechtliche Situation queerer Menschen innerhalb der EU hat sich in den vergangenen Jahren insgesamt verbessert. Dennoch bedroht der Rechtsruck in vielen Mitgliedsstaaten der EU diese Entwicklung. \u00dcberall in Europa nehmen queerfeindliche Rhetorik, Diskriminierung und Hassverbrechen zu. Wie kann die EU dem entgegenwirken? Wie kann sie eine starke Verb\u00fcndete bei der Durchsetzung von Gleichberechtigung sein? Das Europa-Caf\u00e9 findet ist an diesem Abend im queer Jugendzentrum PULS zu Gast: Corneliusstra\u00dfe 28, 40215 D\u00fcsseldorf<\/p>\n<p>Unterschiedliche Zug\u00e4nge erleichtern den Einstieg in das Thema des Abends, spannende Gespr\u00e4chspartner*innen er\u00f6ffnen neue Perspektiven. Nebenbei ist Raum, um in lockerer Atmosph\u00e4re miteinander ins Gespr\u00e4ch zu kommen und sich auszutauschen.<\/p>\n<p>Termine &amp; Ort:<\/p>\n<p>\u23e9 Dienstag, 7. Mai im PULS<br \/>\n\u23e9 N\u00e4chstes Europa-Caf\u00e9: Mittwoch, 22. Mai im Haus der Jugend<\/p>\n<p>Alle Termine k\u00f6nnen auch einzeln besucht werden.<\/p>\n<p>Infos: <a href=\"http:\/\/www.gehwaehlen-duesseldorf.de\/24\">www.gehwaehlen-duesseldorf.de\/24<\/a>[\/vc_column_text][\/vc_column][\/vc_row][vc_row][vc_column][vc_separator][vc_column_text]<em>Die Europa-Caf\u00e9s werden von der Landesinitiative Europa-Schecks des Ministers f\u00fcr Bundes- und Europaangelegenheiten, Internationales sowie Medien und Chef der Staatskanzlei des Landes Nordrhein-Westfalen unterst\u00fctzt.<\/em>[\/vc_column_text][vc_row_inner][vc_column_inner width=&#8220;1\/2&#8243;][vc_single_image image=&#8220;241&#8243; img_size=&#8220;medium&#8220;][\/vc_column_inner][vc_column_inner width=&#8220;1\/2&#8243;][vc_single_image image=&#8220;242&#8243; img_size=&#8220;large&#8220;][\/vc_column_inner][\/vc_row_inner][\/vc_column][\/vc_row]<\/p>\n<\/div>","protected":false},"excerpt":{"rendered":"<p>Die rechtliche Situation queerer Menschen innerhalb der EU hat sich in den vergangenen Jahren insgesamt verbessert. Dennoch bedroht der Rechtsruck in vielen Mitgliedsstaaten der EU diese Entwicklung. \u00dcberall in Europa nehmen queerfeindliche Rhetorik, Diskriminierung und Hassverbrechen zu. Wie kann die EU dem entgegenwirken?<\/p>\n","protected":false},"author":1,"featured_media":81,"template":"","meta":{"_tribe_events_status":"","_tribe_events_status_reason":"","footnotes":""},"tags":[],"tribe_events_cat":[],"class_list":["post-249","tribe_events","type-tribe_events","status-publish","has-post-thumbnail","hentry","description-off"],"_links":{"self":[{"href":"https:\/\/gehwaehlen-duesseldorf.de\/24\/wp-json\/wp\/v2\/tribe_events\/249","targetHints":{"allow":["GET"]}}],"collection":[{"href":"https:\/\/gehwaehlen-duesseldorf.de\/24\/wp-json\/wp\/v2\/tribe_events"}],"about":[{"href":"https:\/\/gehwaehlen-duesseldorf.de\/24\/wp-json\/wp\/v2\/types\/tribe_events"}],"author":[{"embeddable":true,"href":"https:\/\/gehwaehlen-duesseldorf.de\/24\/wp-json\/wp\/v2\/users\/1"}],"version-history":[{"count":2,"href":"https:\/\/gehwaehlen-duesseldorf.de\/24\/wp-json\/wp\/v2\/tribe_events\/249\/revisions"}],"predecessor-version":[{"id":254,"href":"https:\/\/gehwaehlen-duesseldorf.de\/24\/wp-json\/wp\/v2\/tribe_events\/249\/revisions\/254"}],"wp:featuredmedia":[{"embeddable":true,"href":"https:\/\/gehwaehlen-duesseldorf.de\/24\/wp-json\/wp\/v2\/media\/81"}],"wp:attachment":[{"href":"https:\/\/gehwaehlen-duesseldorf.de\/24\/wp-json\/wp\/v2\/media?parent=249"}],"wp:term":[{"taxonomy":"post_tag","embeddable":true,"href":"https:\/\/gehwaehlen-duesseldorf.de\/24\/wp-json\/wp\/v2\/tags?post=249"},{"taxonomy":"tribe_events_cat","embeddable":true,"href":"https:\/\/gehwaehlen-duesseldorf.de\/24\/wp-json\/wp\/v2\/tribe_events_cat?post=249"}],"curies":[{"name":"wp","href":"https:\/\/api.w.org\/{rel}","templated":true}]}}

Europa-Café: Situation queerer Menschen in der EU

<div class="wpb-content-wrapper"><p>[vc_row][vc_column][vc_column_text]Die rechtliche Situation queerer Menschen innerhalb der EU hat sich in den vergangenen Jahren insgesamt verbessert. Dennoch bedroht der Rechtsruck in vielen Mitgliedsstaaten der EU diese Entwicklung. Überall in Europa nehmen queerfeindliche Rhetorik, Diskriminierung und Hassverbrechen zu. Wie kann die EU dem entgegenwirken? Wie kann sie eine starke Verbündete bei der Durchsetzung von Gleichberechtigung sein? Das Europa-Café findet ist an diesem Abend im queer Jugendzentrum PULS zu Gast: Corneliusstraße 28, 40215 Düsseldorf</p>
<p>Unterschiedliche Zugänge erleichtern den Einstieg in das Thema des Abends, spannende Gesprächspartner*innen eröffnen neue Perspektiven. Nebenbei ist Raum, um in lockerer Atmosphäre miteinander ins Gespräch zu kommen und sich auszutauschen.</p>
<p>Termine &amp; Ort:</p>
<p>⏩ Dienstag, 7. Mai im PULS<br />
⏩ Nächstes Europa-Café: Mittwoch, 22. Mai im Haus der Jugend</p>
<p>Alle Termine können auch einzeln besucht werden.</p>
<p>Infos: <a href="http://www.gehwaehlen-duesseldorf.de/24">www.gehwaehlen-duesseldorf.de/24</a>[/vc_column_text][/vc_column][/vc_row][vc_row][vc_column][vc_separator][vc_column_text]<em>Die Europa-Cafés werden von der Landesinitiative Europa-Schecks des Ministers für Bundes- und Europaangelegenheiten, Internationales sowie Medien und Chef der Staatskanzlei des Landes Nordrhein-Westfalen unterstützt.</em>[/vc_column_text][vc_row_inner][vc_column_inner width=&#8220;1/2&#8243;][vc_single_image image=&#8220;241&#8243; img_size=&#8220;medium&#8220;][/vc_column_inner][vc_column_inner width=&#8220;1/2&#8243;][vc_single_image image=&#8220;242&#8243; img_size=&#8220;large&#8220;][/vc_column_inner][/vc_row_inner][/vc_column][/vc_row]</p>
</div>

<p>Die rechtliche Situation queerer Menschen innerhalb der EU hat sich in den vergangenen Jahren insgesamt verbessert. Dennoch bedroht der Rechtsruck in vielen Mitgliedsstaaten der EU diese Entwicklung. Überall in Europa nehmen queerfeindliche Rhetorik, Diskriminierung und Hassverbrechen zu. Wie kann die EU dem entgegenwirken?</p>
