{"id":15,"date":"2022-01-05T08:08:52","date_gmt":"2022-01-05T07:08:52","guid":{"rendered":"https:\/\/gehwaehlen-duesseldorf.de\/22\/?page_id=15"},"modified":"2022-01-05T08:08:52","modified_gmt":"2022-01-05T07:08:52","slug":"impressum","status":"publish","type":"page","link":"https:\/\/gehwaehlen-duesseldorf.de\/22\/impressum\/","title":{"rendered":"Impressum"},"content":{"rendered":"<p><strong>Herausgeber<\/strong><br \/>\nAchim Radau-Kr\u00fcger<br \/>\nGesch\u00e4ftsf\u00fchrer des<br \/>\nTr\u00e4gervereins des Jugendringes D\u00fcsseldorf e.V.<br \/>\nGoethestr. 83<br \/>\n(Hinterhaus)<br \/>\n40237 D\u00fcsseldorf<\/p>\n<p>Tel: 0211\/ 975377 0<br \/>\nFax: 0211\/ 975377 50<br \/>\n<a href=\"mailto:info@jugendring-duesseldorf.de\">info@jugendring-duesseldorf.de<\/a><\/p>\n<p><strong>Rechtshinweis<\/strong><br \/>\nAlle in unseren Internetseiten enthaltenen Angaben und Informationen wurden vom Tr\u00e4gerverein des Jugendringes D\u00fcsseldorf (im folgenden kurz &#8222;Jugendring&#8220;) oder Dritten sorgf\u00e4ltig recherchiert und gepr\u00fcft. F\u00fcr Richtigkeit, Vollst\u00e4ndigkeit und Aktualit\u00e4t k\u00f6nnen weder der Jugendring noch dritte Lieferanten die Haftung \u00fcbernehmen.<br \/>\nAlle Informationen dienen ausschlie\u00dflich zur Information der Besucher von www.jugendring-duesseldorf.de. Im \u00fcbrigen ist die Haftung auf Vorsatz oder grobe Fahrl\u00e4ssigkeit beschr\u00e4nkt.<\/p>\n<p>F\u00fcr Internetseiten Dritter, auf die durch Hyperlink verwiesen wird, tragen die jeweiligen Anbieter die Verantwortung. Der Jugendring ist f\u00fcr den Inhalt solcher Seiten Dritter nicht verantwortlich.<\/p>\n<p>Des Weiteren kann die Web-Seite des Jugendringes D\u00fcsseldorf ohne Wissen des Jugendringes von einer anderen Web-Seite mittels Hyperlink angelinkt worden sein. Der Jugendring \u00fcbernimmt keine Verantwortung f\u00fcr Darstellungen, Inhalte oder irgendeine Verbindung zu den Web-Seiten Dritter.<\/p>\n<p>Au\u00dferdem beh\u00e4lt sich der Jugendring das Recht vor, \u00c4nderungen oder Erg\u00e4nzungen der bereitgestellten Informationen vorzunehmen.<\/p>\n<p>Inhalt und Struktur der Web-Seite des Jugendringes sind urheberrechtlich gesch\u00fctzt. Die Vervielf\u00e4ltigung von Informationen oder Daten, insbesondere die Verwendung von Texten, Textteilen oder Bildmaterial bedarf der ausdr\u00fccklichen vorherigen Zustimmung durch den Jugendring.<\/p>\n","protected":false},"excerpt":{"rendered":"<p>Herausgeber Achim Radau-Kr\u00fcger Gesch\u00e4ftsf\u00fchrer des Tr\u00e4gervereins des Jugendringes D\u00fcsseldorf e.V. Goethestr. 83 (Hinterhaus) 40237 D\u00fcsseldorf Tel: 0211\/ 975377 0 Fax: 0211\/ 975377 50 info@jugendring-duesseldorf.de Rechtshinweis Alle in unseren Internetseiten enthaltenen&hellip;<\/p>\n","protected":false},"author":1,"featured_media":0,"parent":0,"menu_order":0,"comment_status":"closed","ping_status":"closed","template":"","meta":{"footnotes":""},"class_list":["post-15","page","type-page","status-publish","hentry","description-off"],"yoast_head":"<!-- This site is optimized with the Yoast SEO plugin v26.6 - https:\/\/yoast.com\/wordpress\/plugins\/seo\/ -->\n<title>Impressum - gehw\u00e4hlen22 - Dein Wahlportal zu den NRW-Wahlen<\/title>\n<meta name=\"robots\" content=\"index, follow, max-snippet:-1, max-image-preview:large, max-video-preview:-1\" \/>\n<link rel=\"canonical\" href=\"https:\/\/gehwaehlen-duesseldorf.de\/22\/impressum\/\" \/>\n<meta property=\"og:locale\" content=\"de_DE\" \/>\n<meta property=\"og:type\" content=\"article\" \/>\n<meta property=\"og:title\" content=\"Impressum - gehw\u00e4hlen22 - Dein Wahlportal zu den NRW-Wahlen\" \/>\n<meta property=\"og:description\" content=\"Herausgeber Achim Radau-Kr\u00fcger Gesch\u00e4ftsf\u00fchrer des Tr\u00e4gervereins des Jugendringes D\u00fcsseldorf e.V. Goethestr. 83 (Hinterhaus) 40237 D\u00fcsseldorf Tel: 0211\/ 975377 0 Fax: 0211\/ 975377 50 info@jugendring-duesseldorf.de Rechtshinweis Alle in unseren Internetseiten enthaltenen&hellip;\" \/>\n<meta property=\"og:url\" content=\"https:\/\/gehwaehlen-duesseldorf.de\/22\/impressum\/\" \/>\n<meta property=\"og:site_name\" content=\"gehw\u00e4hlen22 - Dein Wahlportal zu den NRW-Wahlen\" \/>\n<meta name=\"twitter:card\" content=\"summary_large_image\" \/>\n<meta name=\"twitter:label1\" content=\"Gesch\u00e4tzte Lesezeit\" \/>\n\t<meta name=\"twitter:data1\" content=\"1\u00a0Minute\" \/>\n<script type=\"application\/ld+json\" class=\"yoast-schema-graph\">{\"@context\":\"https:\/\/schema.org\",\"@graph\":[{\"@type\":\"WebPage\",\"@id\":\"https:\/\/gehwaehlen-duesseldorf.de\/22\/impressum\/\",\"url\":\"https:\/\/gehwaehlen-duesseldorf.de\/22\/impressum\/\",\"name\":\"Impressum - gehw\u00e4hlen22 - Dein Wahlportal zu den NRW-Wahlen\",\"isPartOf\":{\"@id\":\"https:\/\/gehwaehlen-duesseldorf.de\/22\/#website\"},\"datePublished\":\"2022-01-05T07:08:52+00:00\",\"breadcrumb\":{\"@id\":\"https:\/\/gehwaehlen-duesseldorf.de\/22\/impressum\/#breadcrumb\"},\"inLanguage\":\"de\",\"potentialAction\":[{\"@type\":\"ReadAction\",\"target\":[\"https:\/\/gehwaehlen-duesseldorf.de\/22\/impressum\/\"]}]},{\"@type\":\"BreadcrumbList\",\"@id\":\"https:\/\/gehwaehlen-duesseldorf.de\/22\/impressum\/#breadcrumb\",\"itemListElement\":[{\"@type\":\"ListItem\",\"position\":1,\"name\":\"Startseite\",\"item\":\"https:\/\/gehwaehlen-duesseldorf.de\/22\/\"},{\"@type\":\"ListItem\",\"position\":2,\"name\":\"Impressum\"}]},{\"@type\":\"WebSite\",\"@id\":\"https:\/\/gehwaehlen-duesseldorf.de\/22\/#website\",\"url\":\"https:\/\/gehwaehlen-duesseldorf.de\/22\/\",\"name\":\"gehw\u00e4hlen22 - Dein Wahlportal zu den NRW-Wahlen\",\"description\":\"Eine weitere gehw\u00e4hlen, D\u00fcsseldorf! Website\",\"potentialAction\":[{\"@type\":\"SearchAction\",\"target\":{\"@type\":\"EntryPoint\",\"urlTemplate\":\"https:\/\/gehwaehlen-duesseldorf.de\/22\/?s={search_term_string}\"},\"query-input\":{\"@type\":\"PropertyValueSpecification\",\"valueRequired\":true,\"valueName\":\"search_term_string\"}}],\"inLanguage\":\"de\"}]}<\/script>\n<!-- \/ Yoast SEO plugin. -->","yoast_head_json":{"title":"Impressum - gehw\u00e4hlen22 - Dein Wahlportal zu den NRW-Wahlen","robots":{"index":"index","follow":"follow","max-snippet":"max-snippet:-1","max-image-preview":"max-image-preview:large","max-video-preview":"max-video-preview:-1"},"canonical":"https:\/\/gehwaehlen-duesseldorf.de\/22\/impressum\/","og_locale":"de_DE","og_type":"article","og_title":"Impressum - gehw\u00e4hlen22 - Dein Wahlportal zu den NRW-Wahlen","og_description":"Herausgeber Achim Radau-Kr\u00fcger Gesch\u00e4ftsf\u00fchrer des Tr\u00e4gervereins des Jugendringes D\u00fcsseldorf e.V. Goethestr. 83 (Hinterhaus) 40237 D\u00fcsseldorf Tel: 0211\/ 975377 0 Fax: 0211\/ 975377 50 info@jugendring-duesseldorf.de Rechtshinweis Alle in unseren Internetseiten enthaltenen&hellip;","og_url":"https:\/\/gehwaehlen-duesseldorf.de\/22\/impressum\/","og_site_name":"gehw\u00e4hlen22 - Dein Wahlportal zu den NRW-Wahlen","twitter_card":"summary_large_image","twitter_misc":{"Gesch\u00e4tzte Lesezeit":"1\u00a0Minute"},"schema":{"@context":"https:\/\/schema.org","@graph":[{"@type":"WebPage","@id":"https:\/\/gehwaehlen-duesseldorf.de\/22\/impressum\/","url":"https:\/\/gehwaehlen-duesseldorf.de\/22\/impressum\/","name":"Impressum - gehw\u00e4hlen22 - Dein Wahlportal zu den NRW-Wahlen","isPartOf":{"@id":"https:\/\/gehwaehlen-duesseldorf.de\/22\/#website"},"datePublished":"2022-01-05T07:08:52+00:00","breadcrumb":{"@id":"https:\/\/gehwaehlen-duesseldorf.de\/22\/impressum\/#breadcrumb"},"inLanguage":"de","potentialAction":[{"@type":"ReadAction","target":["https:\/\/gehwaehlen-duesseldorf.de\/22\/impressum\/"]}]},{"@type":"BreadcrumbList","@id":"https:\/\/gehwaehlen-duesseldorf.de\/22\/impressum\/#breadcrumb","itemListElement":[{"@type":"ListItem","position":1,"name":"Startseite","item":"https:\/\/gehwaehlen-duesseldorf.de\/22\/"},{"@type":"ListItem","position":2,"name":"Impressum"}]},{"@type":"WebSite","@id":"https:\/\/gehwaehlen-duesseldorf.de\/22\/#website","url":"https:\/\/gehwaehlen-duesseldorf.de\/22\/","name":"gehw\u00e4hlen22 - Dein Wahlportal zu den NRW-Wahlen","description":"Eine weitere gehw\u00e4hlen, D\u00fcsseldorf! Website","potentialAction":[{"@type":"SearchAction","target":{"@type":"EntryPoint","urlTemplate":"https:\/\/gehwaehlen-duesseldorf.de\/22\/?s={search_term_string}"},"query-input":{"@type":"PropertyValueSpecification","valueRequired":true,"valueName":"search_term_string"}}],"inLanguage":"de"}]}},"_links":{"self":[{"href":"https:\/\/gehwaehlen-duesseldorf.de\/22\/wp-json\/wp\/v2\/pages\/15","targetHints":{"allow":["GET"]}}],"collection":[{"href":"https:\/\/gehwaehlen-duesseldorf.de\/22\/wp-json\/wp\/v2\/pages"}],"about":[{"href":"https:\/\/gehwaehlen-duesseldorf.de\/22\/wp-json\/wp\/v2\/types\/page"}],"author":[{"embeddable":true,"href":"https:\/\/gehwaehlen-duesseldorf.de\/22\/wp-json\/wp\/v2\/users\/1"}],"replies":[{"embeddable":true,"href":"https:\/\/gehwaehlen-duesseldorf.de\/22\/wp-json\/wp\/v2\/comments?post=15"}],"version-history":[{"count":1,"href":"https:\/\/gehwaehlen-duesseldorf.de\/22\/wp-json\/wp\/v2\/pages\/15\/revisions"}],"predecessor-version":[{"id":16,"href":"https:\/\/gehwaehlen-duesseldorf.de\/22\/wp-json\/wp\/v2\/pages\/15\/revisions\/16"}],"wp:attachment":[{"href":"https:\/\/gehwaehlen-duesseldorf.de\/22\/wp-json\/wp\/v2\/media?parent=15"}],"curies":[{"name":"wp","href":"https:\/\/api.w.org\/{rel}","templated":true}]}}