{"id":409,"date":"2022-03-18T11:32:16","date_gmt":"2022-03-18T10:32:16","guid":{"rendered":"https:\/\/gehwaehlen-duesseldorf.de\/22\/?post_type=kandidatin&#038;p=409"},"modified":"2022-03-18T11:32:16","modified_gmt":"2022-03-18T10:32:16","slug":"yousra-el-makrini","status":"publish","type":"kandidatin","link":"https:\/\/gehwaehlen-duesseldorf.de\/22\/kandidatin\/yousra-el-makrini\/","title":{"rendered":"Yousra El Makrini"},"content":{"rendered":"","protected":false},"excerpt":{"rendered":"<p>Yousra El Makrini tritt f\u00fcr die Gr\u00fcnen im Wahlkreis D\u00fcsseldorf IV an. Sie ist 28 Jahre alt und Apothekerin von Beruf.<\/p>\n","protected":false},"featured_media":410,"template":"","partei":[31],"schwerpunkte":[18,9,15,6,21],"wahlkreis":[30],"class_list":["post-409","kandidatin","type-kandidatin","status-publish","has-post-thumbnail","hentry","partei-gruene","schwerpunkte-diskriminierung","schwerpunkte-herausforderungen","schwerpunkte-mitbestimmung","schwerpunkte-junges-engagement","schwerpunkte-schule-der-zukunft","wahlkreis-duesseldorf-iv","description-off"],"yoast_head":"<!-- This site is optimized with the Yoast SEO plugin v26.6 - https:\/\/yoast.com\/wordpress\/plugins\/seo\/ -->\n<title>Yousra El Makrini - gehw\u00e4hlen22 - Dein Wahlportal zu den NRW-Wahlen<\/title>\n<meta name=\"robots\" content=\"index, follow, max-snippet:-1, max-image-preview:large, max-video-preview:-1\" \/>\n<link rel=\"canonical\" href=\"https:\/\/gehwaehlen-duesseldorf.de\/22\/kandidatin\/yousra-el-makrini\/\" \/>\n<meta property=\"og:locale\" content=\"de_DE\" \/>\n<meta property=\"og:type\" content=\"article\" \/>\n<meta property=\"og:title\" content=\"Yousra El Makrini - gehw\u00e4hlen22 - Dein Wahlportal zu den NRW-Wahlen\" \/>\n<meta property=\"og:description\" content=\"Yousra El Makrini tritt f\u00fcr die Gr\u00fcnen im Wahlkreis D\u00fcsseldorf IV an. Sie ist 28 Jahre alt und Apothekerin von Beruf.\" \/>\n<meta property=\"og:url\" content=\"https:\/\/gehwaehlen-duesseldorf.de\/22\/kandidatin\/yousra-el-makrini\/\" \/>\n<meta property=\"og:site_name\" content=\"gehw\u00e4hlen22 - Dein Wahlportal zu den NRW-Wahlen\" \/>\n<meta property=\"og:image\" content=\"https:\/\/gehwaehlen-duesseldorf.de\/22\/wp-content\/uploads\/sites\/2\/2022\/03\/elmakrin.jpg\" \/>\n\t<meta property=\"og:image:width\" content=\"600\" \/>\n\t<meta property=\"og:image:height\" content=\"800\" \/>\n\t<meta property=\"og:image:type\" content=\"image\/jpeg\" \/>\n<meta name=\"twitter:card\" content=\"summary_large_image\" \/>\n<script type=\"application\/ld+json\" class=\"yoast-schema-graph\">{\"@context\":\"https:\/\/schema.org\",\"@graph\":[{\"@type\":\"WebPage\",\"@id\":\"https:\/\/gehwaehlen-duesseldorf.de\/22\/kandidatin\/yousra-el-makrini\/\",\"url\":\"https:\/\/gehwaehlen-duesseldorf.de\/22\/kandidatin\/yousra-el-makrini\/\",\"name\":\"Yousra El Makrini - gehw\u00e4hlen22 - Dein Wahlportal zu den NRW-Wahlen\",\"isPartOf\":{\"@id\":\"https:\/\/gehwaehlen-duesseldorf.de\/22\/#website\"},\"primaryImageOfPage\":{\"@id\":\"https:\/\/gehwaehlen-duesseldorf.de\/22\/kandidatin\/yousra-el-makrini\/#primaryimage\"},\"image\":{\"@id\":\"https:\/\/gehwaehlen-duesseldorf.de\/22\/kandidatin\/yousra-el-makrini\/#primaryimage\"},\"thumbnailUrl\":\"https:\/\/gehwaehlen-duesseldorf.de\/22\/wp-content\/uploads\/sites\/2\/2022\/03\/elmakrin.jpg\",\"datePublished\":\"2022-03-18T10:32:16+00:00\",\"breadcrumb\":{\"@id\":\"https:\/\/gehwaehlen-duesseldorf.de\/22\/kandidatin\/yousra-el-makrini\/#breadcrumb\"},\"inLanguage\":\"de\",\"potentialAction\":[{\"@type\":\"ReadAction\",\"target\":[\"https:\/\/gehwaehlen-duesseldorf.de\/22\/kandidatin\/yousra-el-makrini\/\"]}]},{\"@type\":\"ImageObject\",\"inLanguage\":\"de\",\"@id\":\"https:\/\/gehwaehlen-duesseldorf.de\/22\/kandidatin\/yousra-el-makrini\/#primaryimage\",\"url\":\"https:\/\/gehwaehlen-duesseldorf.de\/22\/wp-content\/uploads\/sites\/2\/2022\/03\/elmakrin.jpg\",\"contentUrl\":\"https:\/\/gehwaehlen-duesseldorf.de\/22\/wp-content\/uploads\/sites\/2\/2022\/03\/elmakrin.jpg\",\"width\":600,\"height\":800},{\"@type\":\"BreadcrumbList\",\"@id\":\"https:\/\/gehwaehlen-duesseldorf.de\/22\/kandidatin\/yousra-el-makrini\/#breadcrumb\",\"itemListElement\":[{\"@type\":\"ListItem\",\"position\":1,\"name\":\"Startseite\",\"item\":\"https:\/\/gehwaehlen-duesseldorf.de\/22\/\"},{\"@type\":\"ListItem\",\"position\":2,\"name\":\"Yousra El Makrini\"}]},{\"@type\":\"WebSite\",\"@id\":\"https:\/\/gehwaehlen-duesseldorf.de\/22\/#website\",\"url\":\"https:\/\/gehwaehlen-duesseldorf.de\/22\/\",\"name\":\"gehw\u00e4hlen22 - Dein Wahlportal zu den NRW-Wahlen\",\"description\":\"Eine weitere gehw\u00e4hlen, D\u00fcsseldorf! Website\",\"potentialAction\":[{\"@type\":\"SearchAction\",\"target\":{\"@type\":\"EntryPoint\",\"urlTemplate\":\"https:\/\/gehwaehlen-duesseldorf.de\/22\/?s={search_term_string}\"},\"query-input\":{\"@type\":\"PropertyValueSpecification\",\"valueRequired\":true,\"valueName\":\"search_term_string\"}}],\"inLanguage\":\"de\"}]}<\/script>\n<!-- \/ Yoast SEO plugin. -->","yoast_head_json":{"title":"Yousra El Makrini - gehw\u00e4hlen22 - Dein Wahlportal zu den NRW-Wahlen","robots":{"index":"index","follow":"follow","max-snippet":"max-snippet:-1","max-image-preview":"max-image-preview:large","max-video-preview":"max-video-preview:-1"},"canonical":"https:\/\/gehwaehlen-duesseldorf.de\/22\/kandidatin\/yousra-el-makrini\/","og_locale":"de_DE","og_type":"article","og_title":"Yousra El Makrini - gehw\u00e4hlen22 - Dein Wahlportal zu den NRW-Wahlen","og_description":"Yousra El Makrini tritt f\u00fcr die Gr\u00fcnen im Wahlkreis D\u00fcsseldorf IV an. Sie ist 28 Jahre alt und Apothekerin von Beruf.","og_url":"https:\/\/gehwaehlen-duesseldorf.de\/22\/kandidatin\/yousra-el-makrini\/","og_site_name":"gehw\u00e4hlen22 - Dein Wahlportal zu den NRW-Wahlen","og_image":[{"width":600,"height":800,"url":"https:\/\/gehwaehlen-duesseldorf.de\/22\/wp-content\/uploads\/sites\/2\/2022\/03\/elmakrin.jpg","type":"image\/jpeg"}],"twitter_card":"summary_large_image","schema":{"@context":"https:\/\/schema.org","@graph":[{"@type":"WebPage","@id":"https:\/\/gehwaehlen-duesseldorf.de\/22\/kandidatin\/yousra-el-makrini\/","url":"https:\/\/gehwaehlen-duesseldorf.de\/22\/kandidatin\/yousra-el-makrini\/","name":"Yousra El Makrini - gehw\u00e4hlen22 - Dein Wahlportal zu den NRW-Wahlen","isPartOf":{"@id":"https:\/\/gehwaehlen-duesseldorf.de\/22\/#website"},"primaryImageOfPage":{"@id":"https:\/\/gehwaehlen-duesseldorf.de\/22\/kandidatin\/yousra-el-makrini\/#primaryimage"},"image":{"@id":"https:\/\/gehwaehlen-duesseldorf.de\/22\/kandidatin\/yousra-el-makrini\/#primaryimage"},"thumbnailUrl":"https:\/\/gehwaehlen-duesseldorf.de\/22\/wp-content\/uploads\/sites\/2\/2022\/03\/elmakrin.jpg","datePublished":"2022-03-18T10:32:16+00:00","breadcrumb":{"@id":"https:\/\/gehwaehlen-duesseldorf.de\/22\/kandidatin\/yousra-el-makrini\/#breadcrumb"},"inLanguage":"de","potentialAction":[{"@type":"ReadAction","target":["https:\/\/gehwaehlen-duesseldorf.de\/22\/kandidatin\/yousra-el-makrini\/"]}]},{"@type":"ImageObject","inLanguage":"de","@id":"https:\/\/gehwaehlen-duesseldorf.de\/22\/kandidatin\/yousra-el-makrini\/#primaryimage","url":"https:\/\/gehwaehlen-duesseldorf.de\/22\/wp-content\/uploads\/sites\/2\/2022\/03\/elmakrin.jpg","contentUrl":"https:\/\/gehwaehlen-duesseldorf.de\/22\/wp-content\/uploads\/sites\/2\/2022\/03\/elmakrin.jpg","width":600,"height":800},{"@type":"BreadcrumbList","@id":"https:\/\/gehwaehlen-duesseldorf.de\/22\/kandidatin\/yousra-el-makrini\/#breadcrumb","itemListElement":[{"@type":"ListItem","position":1,"name":"Startseite","item":"https:\/\/gehwaehlen-duesseldorf.de\/22\/"},{"@type":"ListItem","position":2,"name":"Yousra El Makrini"}]},{"@type":"WebSite","@id":"https:\/\/gehwaehlen-duesseldorf.de\/22\/#website","url":"https:\/\/gehwaehlen-duesseldorf.de\/22\/","name":"gehw\u00e4hlen22 - Dein Wahlportal zu den NRW-Wahlen","description":"Eine weitere gehw\u00e4hlen, D\u00fcsseldorf! Website","potentialAction":[{"@type":"SearchAction","target":{"@type":"EntryPoint","urlTemplate":"https:\/\/gehwaehlen-duesseldorf.de\/22\/?s={search_term_string}"},"query-input":{"@type":"PropertyValueSpecification","valueRequired":true,"valueName":"search_term_string"}}],"inLanguage":"de"}]}},"_links":{"self":[{"href":"https:\/\/gehwaehlen-duesseldorf.de\/22\/wp-json\/wp\/v2\/kandidatin\/409","targetHints":{"allow":["GET"]}}],"collection":[{"href":"https:\/\/gehwaehlen-duesseldorf.de\/22\/wp-json\/wp\/v2\/kandidatin"}],"about":[{"href":"https:\/\/gehwaehlen-duesseldorf.de\/22\/wp-json\/wp\/v2\/types\/kandidatin"}],"wp:featuredmedia":[{"embeddable":true,"href":"https:\/\/gehwaehlen-duesseldorf.de\/22\/wp-json\/wp\/v2\/media\/410"}],"wp:attachment":[{"href":"https:\/\/gehwaehlen-duesseldorf.de\/22\/wp-json\/wp\/v2\/media?parent=409"}],"wp:term":[{"taxonomy":"partei","embeddable":true,"href":"https:\/\/gehwaehlen-duesseldorf.de\/22\/wp-json\/wp\/v2\/partei?post=409"},{"taxonomy":"schwerpunkte","embeddable":true,"href":"https:\/\/gehwaehlen-duesseldorf.de\/22\/wp-json\/wp\/v2\/schwerpunkte?post=409"},{"taxonomy":"wahlkreis","embeddable":true,"href":"https:\/\/gehwaehlen-duesseldorf.de\/22\/wp-json\/wp\/v2\/wahlkreis?post=409"}],"curies":[{"name":"wp","href":"https:\/\/api.w.org\/{rel}","templated":true}]}}

<p>Yousra El Makrini tritt für die Grünen im Wahlkreis Düsseldorf IV an. Sie ist 28 Jahre alt und Apothekerin von Beruf.</p>

<!-- This site is optimized with the Yoast SEO plugin v26.6 - https://yoast.com/wordpress/plugins/seo/ -->
<title>Yousra El Makrini - gehwählen22 - Dein Wahlportal zu den NRW-Wahlen</title>
<meta name="robots" content="index, follow, max-snippet:-1, max-image-preview:large, max-video-preview:-1" />
<link rel="canonical" href="https://gehwaehlen-duesseldorf.de/22/kandidatin/yousra-el-makrini/" />
<meta property="og:locale" content="de_DE" />
<meta property="og:type" content="article" />
<meta property="og:title" content="Yousra El Makrini - gehwählen22 - Dein Wahlportal zu den NRW-Wahlen" />
<meta property="og:description" content="Yousra El Makrini tritt für die Grünen im Wahlkreis Düsseldorf IV an. Sie ist 28 Jahre alt und Apothekerin von Beruf." />
<meta property="og:url" content="https://gehwaehlen-duesseldorf.de/22/kandidatin/yousra-el-makrini/" />
<meta property="og:site_name" content="gehwählen22 - Dein Wahlportal zu den NRW-Wahlen" />
<meta property="og:image" content="https://gehwaehlen-duesseldorf.de/22/wp-content/uploads/sites/2/2022/03/elmakrin.jpg" />
	<meta property="og:image:width" content="600" />
	<meta property="og:image:height" content="800" />
	<meta property="og:image:type" content="image/jpeg" />
<meta name="twitter:card" content="summary_large_image" />
<script type="application/ld+json" class="yoast-schema-graph">{"@context":"https://schema.org","@graph":[{"@type":"WebPage","@id":"https://gehwaehlen-duesseldorf.de/22/kandidatin/yousra-el-makrini/","url":"https://gehwaehlen-duesseldorf.de/22/kandidatin/yousra-el-makrini/","name":"Yousra El Makrini - gehwählen22 - Dein Wahlportal zu den NRW-Wahlen","isPartOf":{"@id":"https://gehwaehlen-duesseldorf.de/22/#website"},"primaryImageOfPage":{"@id":"https://gehwaehlen-duesseldorf.de/22/kandidatin/yousra-el-makrini/#primaryimage"},"image":{"@id":"https://gehwaehlen-duesseldorf.de/22/kandidatin/yousra-el-makrini/#primaryimage"},"thumbnailUrl":"https://gehwaehlen-duesseldorf.de/22/wp-content/uploads/sites/2/2022/03/elmakrin.jpg","datePublished":"2022-03-18T10:32:16+00:00","breadcrumb":{"@id":"https://gehwaehlen-duesseldorf.de/22/kandidatin/yousra-el-makrini/#breadcrumb"},"inLanguage":"de","potentialAction":[{"@type":"ReadAction","target":["https://gehwaehlen-duesseldorf.de/22/kandidatin/yousra-el-makrini/"]}]},{"@type":"ImageObject","inLanguage":"de","@id":"https://gehwaehlen-duesseldorf.de/22/kandidatin/yousra-el-makrini/#primaryimage","url":"https://gehwaehlen-duesseldorf.de/22/wp-content/uploads/sites/2/2022/03/elmakrin.jpg","contentUrl":"https://gehwaehlen-duesseldorf.de/22/wp-content/uploads/sites/2/2022/03/elmakrin.jpg","width":600,"height":800},{"@type":"BreadcrumbList","@id":"https://gehwaehlen-duesseldorf.de/22/kandidatin/yousra-el-makrini/#breadcrumb","itemListElement":[{"@type":"ListItem","position":1,"name":"Startseite","item":"https://gehwaehlen-duesseldorf.de/22/"},{"@type":"ListItem","position":2,"name":"Yousra El Makrini"}]},{"@type":"WebSite","@id":"https://gehwaehlen-duesseldorf.de/22/#website","url":"https://gehwaehlen-duesseldorf.de/22/","name":"gehwählen22 - Dein Wahlportal zu den NRW-Wahlen","description":"Eine weitere gehwählen, Düsseldorf! Website","potentialAction":[{"@type":"SearchAction","target":{"@type":"EntryPoint","urlTemplate":"https://gehwaehlen-duesseldorf.de/22/?s={search_term_string}"},"query-input":{"@type":"PropertyValueSpecification","valueRequired":true,"valueName":"search_term_string"}}],"inLanguage":"de"}]}</script>
<!-- / Yoast SEO plugin. -->

Yousra El Makrini - gehwählen22 - Dein Wahlportal zu den NRW-Wahlen

Yousra El Makrini tritt für die Grünen im Wahlkreis Düsseldorf IV an. Sie ist 28 Jahre alt und Apothekerin von Beruf.

gehwählen22 - Dein Wahlportal zu den NRW-Wahlen

Eine weitere gehwählen, Düsseldorf! Website
