{"id":346,"date":"2022-03-17T07:50:08","date_gmt":"2022-03-17T06:50:08","guid":{"rendered":"https:\/\/gehwaehlen-duesseldorf.de\/22\/?post_type=kandidatin&#038;p=346"},"modified":"2022-03-17T15:30:20","modified_gmt":"2022-03-17T14:30:20","slug":"christine-curtius","status":"publish","type":"kandidatin","link":"https:\/\/gehwaehlen-duesseldorf.de\/22\/kandidatin\/christine-curtius\/","title":{"rendered":"Christine Curtius"},"content":{"rendered":"","protected":false},"excerpt":{"rendered":"<p>Christine Curtius tritt f\u00fcr die Volt im Wahlkreis D\u00fcsseldorf IV an. Sie ist 36 Jahre alt und arbeitet im Bereich Controlling\/ Finanzen.<\/p>\n","protected":false},"featured_media":352,"template":"","partei":[29],"schwerpunkte":[9,6,3,21],"wahlkreis":[30],"class_list":["post-346","kandidatin","type-kandidatin","status-publish","has-post-thumbnail","hentry","partei-volt","schwerpunkte-herausforderungen","schwerpunkte-junges-engagement","schwerpunkte-parteiprogramm","schwerpunkte-schule-der-zukunft","wahlkreis-duesseldorf-iv","description-off"],"yoast_head":"<!-- This site is optimized with the Yoast SEO plugin v26.6 - https:\/\/yoast.com\/wordpress\/plugins\/seo\/ -->\n<title>Christine Curtius - gehw\u00e4hlen22 - Dein Wahlportal zu den NRW-Wahlen<\/title>\n<meta name=\"robots\" content=\"index, follow, max-snippet:-1, max-image-preview:large, max-video-preview:-1\" \/>\n<link rel=\"canonical\" href=\"https:\/\/gehwaehlen-duesseldorf.de\/22\/kandidatin\/christine-curtius\/\" \/>\n<meta property=\"og:locale\" content=\"de_DE\" \/>\n<meta property=\"og:type\" content=\"article\" \/>\n<meta property=\"og:title\" content=\"Christine Curtius - gehw\u00e4hlen22 - Dein Wahlportal zu den NRW-Wahlen\" \/>\n<meta property=\"og:description\" content=\"Christine Curtius tritt f\u00fcr die Volt im Wahlkreis D\u00fcsseldorf IV an. Sie ist 36 Jahre alt und arbeitet im Bereich Controlling\/ Finanzen.\" \/>\n<meta property=\"og:url\" content=\"https:\/\/gehwaehlen-duesseldorf.de\/22\/kandidatin\/christine-curtius\/\" \/>\n<meta property=\"og:site_name\" content=\"gehw\u00e4hlen22 - Dein Wahlportal zu den NRW-Wahlen\" \/>\n<meta property=\"article:modified_time\" content=\"2022-03-17T14:30:20+00:00\" \/>\n<meta property=\"og:image\" content=\"https:\/\/gehwaehlen-duesseldorf.de\/22\/wp-content\/uploads\/sites\/2\/2022\/03\/curtius.jpg\" \/>\n\t<meta property=\"og:image:width\" content=\"600\" \/>\n\t<meta property=\"og:image:height\" content=\"800\" \/>\n\t<meta property=\"og:image:type\" content=\"image\/jpeg\" \/>\n<meta name=\"twitter:card\" content=\"summary_large_image\" \/>\n<script type=\"application\/ld+json\" class=\"yoast-schema-graph\">{\"@context\":\"https:\/\/schema.org\",\"@graph\":[{\"@type\":\"WebPage\",\"@id\":\"https:\/\/gehwaehlen-duesseldorf.de\/22\/kandidatin\/christine-curtius\/\",\"url\":\"https:\/\/gehwaehlen-duesseldorf.de\/22\/kandidatin\/christine-curtius\/\",\"name\":\"Christine Curtius - gehw\u00e4hlen22 - Dein Wahlportal zu den NRW-Wahlen\",\"isPartOf\":{\"@id\":\"https:\/\/gehwaehlen-duesseldorf.de\/22\/#website\"},\"primaryImageOfPage\":{\"@id\":\"https:\/\/gehwaehlen-duesseldorf.de\/22\/kandidatin\/christine-curtius\/#primaryimage\"},\"image\":{\"@id\":\"https:\/\/gehwaehlen-duesseldorf.de\/22\/kandidatin\/christine-curtius\/#primaryimage\"},\"thumbnailUrl\":\"https:\/\/gehwaehlen-duesseldorf.de\/22\/wp-content\/uploads\/sites\/2\/2022\/03\/curtius.jpg\",\"datePublished\":\"2022-03-17T06:50:08+00:00\",\"dateModified\":\"2022-03-17T14:30:20+00:00\",\"breadcrumb\":{\"@id\":\"https:\/\/gehwaehlen-duesseldorf.de\/22\/kandidatin\/christine-curtius\/#breadcrumb\"},\"inLanguage\":\"de\",\"potentialAction\":[{\"@type\":\"ReadAction\",\"target\":[\"https:\/\/gehwaehlen-duesseldorf.de\/22\/kandidatin\/christine-curtius\/\"]}]},{\"@type\":\"ImageObject\",\"inLanguage\":\"de\",\"@id\":\"https:\/\/gehwaehlen-duesseldorf.de\/22\/kandidatin\/christine-curtius\/#primaryimage\",\"url\":\"https:\/\/gehwaehlen-duesseldorf.de\/22\/wp-content\/uploads\/sites\/2\/2022\/03\/curtius.jpg\",\"contentUrl\":\"https:\/\/gehwaehlen-duesseldorf.de\/22\/wp-content\/uploads\/sites\/2\/2022\/03\/curtius.jpg\",\"width\":600,\"height\":800},{\"@type\":\"BreadcrumbList\",\"@id\":\"https:\/\/gehwaehlen-duesseldorf.de\/22\/kandidatin\/christine-curtius\/#breadcrumb\",\"itemListElement\":[{\"@type\":\"ListItem\",\"position\":1,\"name\":\"Startseite\",\"item\":\"https:\/\/gehwaehlen-duesseldorf.de\/22\/\"},{\"@type\":\"ListItem\",\"position\":2,\"name\":\"Christine Curtius\"}]},{\"@type\":\"WebSite\",\"@id\":\"https:\/\/gehwaehlen-duesseldorf.de\/22\/#website\",\"url\":\"https:\/\/gehwaehlen-duesseldorf.de\/22\/\",\"name\":\"gehw\u00e4hlen22 - Dein Wahlportal zu den NRW-Wahlen\",\"description\":\"Eine weitere gehw\u00e4hlen, D\u00fcsseldorf! Website\",\"potentialAction\":[{\"@type\":\"SearchAction\",\"target\":{\"@type\":\"EntryPoint\",\"urlTemplate\":\"https:\/\/gehwaehlen-duesseldorf.de\/22\/?s={search_term_string}\"},\"query-input\":{\"@type\":\"PropertyValueSpecification\",\"valueRequired\":true,\"valueName\":\"search_term_string\"}}],\"inLanguage\":\"de\"}]}<\/script>\n<!-- \/ Yoast SEO plugin. -->","yoast_head_json":{"title":"Christine Curtius - gehw\u00e4hlen22 - Dein Wahlportal zu den NRW-Wahlen","robots":{"index":"index","follow":"follow","max-snippet":"max-snippet:-1","max-image-preview":"max-image-preview:large","max-video-preview":"max-video-preview:-1"},"canonical":"https:\/\/gehwaehlen-duesseldorf.de\/22\/kandidatin\/christine-curtius\/","og_locale":"de_DE","og_type":"article","og_title":"Christine Curtius - gehw\u00e4hlen22 - Dein Wahlportal zu den NRW-Wahlen","og_description":"Christine Curtius tritt f\u00fcr die Volt im Wahlkreis D\u00fcsseldorf IV an. Sie ist 36 Jahre alt und arbeitet im Bereich Controlling\/ Finanzen.","og_url":"https:\/\/gehwaehlen-duesseldorf.de\/22\/kandidatin\/christine-curtius\/","og_site_name":"gehw\u00e4hlen22 - Dein Wahlportal zu den NRW-Wahlen","article_modified_time":"2022-03-17T14:30:20+00:00","og_image":[{"width":600,"height":800,"url":"https:\/\/gehwaehlen-duesseldorf.de\/22\/wp-content\/uploads\/sites\/2\/2022\/03\/curtius.jpg","type":"image\/jpeg"}],"twitter_card":"summary_large_image","schema":{"@context":"https:\/\/schema.org","@graph":[{"@type":"WebPage","@id":"https:\/\/gehwaehlen-duesseldorf.de\/22\/kandidatin\/christine-curtius\/","url":"https:\/\/gehwaehlen-duesseldorf.de\/22\/kandidatin\/christine-curtius\/","name":"Christine Curtius - gehw\u00e4hlen22 - Dein Wahlportal zu den NRW-Wahlen","isPartOf":{"@id":"https:\/\/gehwaehlen-duesseldorf.de\/22\/#website"},"primaryImageOfPage":{"@id":"https:\/\/gehwaehlen-duesseldorf.de\/22\/kandidatin\/christine-curtius\/#primaryimage"},"image":{"@id":"https:\/\/gehwaehlen-duesseldorf.de\/22\/kandidatin\/christine-curtius\/#primaryimage"},"thumbnailUrl":"https:\/\/gehwaehlen-duesseldorf.de\/22\/wp-content\/uploads\/sites\/2\/2022\/03\/curtius.jpg","datePublished":"2022-03-17T06:50:08+00:00","dateModified":"2022-03-17T14:30:20+00:00","breadcrumb":{"@id":"https:\/\/gehwaehlen-duesseldorf.de\/22\/kandidatin\/christine-curtius\/#breadcrumb"},"inLanguage":"de","potentialAction":[{"@type":"ReadAction","target":["https:\/\/gehwaehlen-duesseldorf.de\/22\/kandidatin\/christine-curtius\/"]}]},{"@type":"ImageObject","inLanguage":"de","@id":"https:\/\/gehwaehlen-duesseldorf.de\/22\/kandidatin\/christine-curtius\/#primaryimage","url":"https:\/\/gehwaehlen-duesseldorf.de\/22\/wp-content\/uploads\/sites\/2\/2022\/03\/curtius.jpg","contentUrl":"https:\/\/gehwaehlen-duesseldorf.de\/22\/wp-content\/uploads\/sites\/2\/2022\/03\/curtius.jpg","width":600,"height":800},{"@type":"BreadcrumbList","@id":"https:\/\/gehwaehlen-duesseldorf.de\/22\/kandidatin\/christine-curtius\/#breadcrumb","itemListElement":[{"@type":"ListItem","position":1,"name":"Startseite","item":"https:\/\/gehwaehlen-duesseldorf.de\/22\/"},{"@type":"ListItem","position":2,"name":"Christine Curtius"}]},{"@type":"WebSite","@id":"https:\/\/gehwaehlen-duesseldorf.de\/22\/#website","url":"https:\/\/gehwaehlen-duesseldorf.de\/22\/","name":"gehw\u00e4hlen22 - Dein Wahlportal zu den NRW-Wahlen","description":"Eine weitere gehw\u00e4hlen, D\u00fcsseldorf! Website","potentialAction":[{"@type":"SearchAction","target":{"@type":"EntryPoint","urlTemplate":"https:\/\/gehwaehlen-duesseldorf.de\/22\/?s={search_term_string}"},"query-input":{"@type":"PropertyValueSpecification","valueRequired":true,"valueName":"search_term_string"}}],"inLanguage":"de"}]}},"_links":{"self":[{"href":"https:\/\/gehwaehlen-duesseldorf.de\/22\/wp-json\/wp\/v2\/kandidatin\/346","targetHints":{"allow":["GET"]}}],"collection":[{"href":"https:\/\/gehwaehlen-duesseldorf.de\/22\/wp-json\/wp\/v2\/kandidatin"}],"about":[{"href":"https:\/\/gehwaehlen-duesseldorf.de\/22\/wp-json\/wp\/v2\/types\/kandidatin"}],"wp:featuredmedia":[{"embeddable":true,"href":"https:\/\/gehwaehlen-duesseldorf.de\/22\/wp-json\/wp\/v2\/media\/352"}],"wp:attachment":[{"href":"https:\/\/gehwaehlen-duesseldorf.de\/22\/wp-json\/wp\/v2\/media?parent=346"}],"wp:term":[{"taxonomy":"partei","embeddable":true,"href":"https:\/\/gehwaehlen-duesseldorf.de\/22\/wp-json\/wp\/v2\/partei?post=346"},{"taxonomy":"schwerpunkte","embeddable":true,"href":"https:\/\/gehwaehlen-duesseldorf.de\/22\/wp-json\/wp\/v2\/schwerpunkte?post=346"},{"taxonomy":"wahlkreis","embeddable":true,"href":"https:\/\/gehwaehlen-duesseldorf.de\/22\/wp-json\/wp\/v2\/wahlkreis?post=346"}],"curies":[{"name":"wp","href":"https:\/\/api.w.org\/{rel}","templated":true}]}}

<p>Christine Curtius tritt für die Volt im Wahlkreis Düsseldorf IV an. Sie ist 36 Jahre alt und arbeitet im Bereich Controlling/ Finanzen.</p>

<!-- This site is optimized with the Yoast SEO plugin v26.6 - https://yoast.com/wordpress/plugins/seo/ -->
<title>Christine Curtius - gehwählen22 - Dein Wahlportal zu den NRW-Wahlen</title>
<meta name="robots" content="index, follow, max-snippet:-1, max-image-preview:large, max-video-preview:-1" />
<link rel="canonical" href="https://gehwaehlen-duesseldorf.de/22/kandidatin/christine-curtius/" />
<meta property="og:locale" content="de_DE" />
<meta property="og:type" content="article" />
<meta property="og:title" content="Christine Curtius - gehwählen22 - Dein Wahlportal zu den NRW-Wahlen" />
<meta property="og:description" content="Christine Curtius tritt für die Volt im Wahlkreis Düsseldorf IV an. Sie ist 36 Jahre alt und arbeitet im Bereich Controlling/ Finanzen." />
<meta property="og:url" content="https://gehwaehlen-duesseldorf.de/22/kandidatin/christine-curtius/" />
<meta property="og:site_name" content="gehwählen22 - Dein Wahlportal zu den NRW-Wahlen" />
<meta property="article:modified_time" content="2022-03-17T14:30:20+00:00" />
<meta property="og:image" content="https://gehwaehlen-duesseldorf.de/22/wp-content/uploads/sites/2/2022/03/curtius.jpg" />
	<meta property="og:image:width" content="600" />
	<meta property="og:image:height" content="800" />
	<meta property="og:image:type" content="image/jpeg" />
<meta name="twitter:card" content="summary_large_image" />
<script type="application/ld+json" class="yoast-schema-graph">{"@context":"https://schema.org","@graph":[{"@type":"WebPage","@id":"https://gehwaehlen-duesseldorf.de/22/kandidatin/christine-curtius/","url":"https://gehwaehlen-duesseldorf.de/22/kandidatin/christine-curtius/","name":"Christine Curtius - gehwählen22 - Dein Wahlportal zu den NRW-Wahlen","isPartOf":{"@id":"https://gehwaehlen-duesseldorf.de/22/#website"},"primaryImageOfPage":{"@id":"https://gehwaehlen-duesseldorf.de/22/kandidatin/christine-curtius/#primaryimage"},"image":{"@id":"https://gehwaehlen-duesseldorf.de/22/kandidatin/christine-curtius/#primaryimage"},"thumbnailUrl":"https://gehwaehlen-duesseldorf.de/22/wp-content/uploads/sites/2/2022/03/curtius.jpg","datePublished":"2022-03-17T06:50:08+00:00","dateModified":"2022-03-17T14:30:20+00:00","breadcrumb":{"@id":"https://gehwaehlen-duesseldorf.de/22/kandidatin/christine-curtius/#breadcrumb"},"inLanguage":"de","potentialAction":[{"@type":"ReadAction","target":["https://gehwaehlen-duesseldorf.de/22/kandidatin/christine-curtius/"]}]},{"@type":"ImageObject","inLanguage":"de","@id":"https://gehwaehlen-duesseldorf.de/22/kandidatin/christine-curtius/#primaryimage","url":"https://gehwaehlen-duesseldorf.de/22/wp-content/uploads/sites/2/2022/03/curtius.jpg","contentUrl":"https://gehwaehlen-duesseldorf.de/22/wp-content/uploads/sites/2/2022/03/curtius.jpg","width":600,"height":800},{"@type":"BreadcrumbList","@id":"https://gehwaehlen-duesseldorf.de/22/kandidatin/christine-curtius/#breadcrumb","itemListElement":[{"@type":"ListItem","position":1,"name":"Startseite","item":"https://gehwaehlen-duesseldorf.de/22/"},{"@type":"ListItem","position":2,"name":"Christine Curtius"}]},{"@type":"WebSite","@id":"https://gehwaehlen-duesseldorf.de/22/#website","url":"https://gehwaehlen-duesseldorf.de/22/","name":"gehwählen22 - Dein Wahlportal zu den NRW-Wahlen","description":"Eine weitere gehwählen, Düsseldorf! Website","potentialAction":[{"@type":"SearchAction","target":{"@type":"EntryPoint","urlTemplate":"https://gehwaehlen-duesseldorf.de/22/?s={search_term_string}"},"query-input":{"@type":"PropertyValueSpecification","valueRequired":true,"valueName":"search_term_string"}}],"inLanguage":"de"}]}</script>
<!-- / Yoast SEO plugin. -->

Christine Curtius - gehwählen22 - Dein Wahlportal zu den NRW-Wahlen

Christine Curtius tritt für die Volt im Wahlkreis Düsseldorf IV an. Sie ist 36 Jahre alt und arbeitet im Bereich Controlling/ Finanzen.

gehwählen22 - Dein Wahlportal zu den NRW-Wahlen

Eine weitere gehwählen, Düsseldorf! Website
