{"id":316,"date":"2022-03-23T13:19:18","date_gmt":"2022-03-23T12:19:18","guid":{"rendered":"https:\/\/gehwaehlen-duesseldorf.de\/22\/?post_type=kandidatin&#038;p=316"},"modified":"2022-03-23T13:19:18","modified_gmt":"2022-03-23T12:19:18","slug":"christine-rachner","status":"publish","type":"kandidatin","link":"https:\/\/gehwaehlen-duesseldorf.de\/22\/kandidatin\/christine-rachner\/","title":{"rendered":"Christine Rachner"},"content":{"rendered":"","protected":false},"excerpt":{"rendered":"<p>Christine Rachner tritt f\u00fcr die FDP im Wahlkreis D\u00fcsseldorf II an. Sie von Beruf \u00c4rztin f\u00fcr An\u00e4sthesie.<\/p>\n","protected":false},"featured_media":453,"template":"","partei":[26],"schwerpunkte":[11,15,6,3,13],"wahlkreis":[7],"class_list":["post-316","kandidatin","type-kandidatin","status-publish","has-post-thumbnail","hentry","partei-fdp","schwerpunkte-bildung-arbeitsmarkt-wohnraum","schwerpunkte-mitbestimmung","schwerpunkte-junges-engagement","schwerpunkte-parteiprogramm","schwerpunkte-klimaschutz","wahlkreis-duesseldorf-ii","description-off"],"yoast_head":"<!-- This site is optimized with the Yoast SEO plugin v26.6 - https:\/\/yoast.com\/wordpress\/plugins\/seo\/ -->\n<title>Christine Rachner - gehw\u00e4hlen22 - Dein Wahlportal zu den NRW-Wahlen<\/title>\n<meta name=\"robots\" content=\"index, follow, max-snippet:-1, max-image-preview:large, max-video-preview:-1\" \/>\n<link rel=\"canonical\" href=\"https:\/\/gehwaehlen-duesseldorf.de\/22\/kandidatin\/christine-rachner\/\" \/>\n<meta property=\"og:locale\" content=\"de_DE\" \/>\n<meta property=\"og:type\" content=\"article\" \/>\n<meta property=\"og:title\" content=\"Christine Rachner - gehw\u00e4hlen22 - Dein Wahlportal zu den NRW-Wahlen\" \/>\n<meta property=\"og:description\" content=\"Christine Rachner tritt f\u00fcr die FDP im Wahlkreis D\u00fcsseldorf II an. Sie von Beruf \u00c4rztin f\u00fcr An\u00e4sthesie.\" \/>\n<meta property=\"og:url\" content=\"https:\/\/gehwaehlen-duesseldorf.de\/22\/kandidatin\/christine-rachner\/\" \/>\n<meta property=\"og:site_name\" content=\"gehw\u00e4hlen22 - Dein Wahlportal zu den NRW-Wahlen\" \/>\n<meta property=\"og:image\" content=\"https:\/\/gehwaehlen-duesseldorf.de\/22\/wp-content\/uploads\/sites\/2\/2022\/03\/rachner.jpg\" \/>\n\t<meta property=\"og:image:width\" content=\"600\" \/>\n\t<meta property=\"og:image:height\" content=\"800\" \/>\n\t<meta property=\"og:image:type\" content=\"image\/jpeg\" \/>\n<meta name=\"twitter:card\" content=\"summary_large_image\" \/>\n<script type=\"application\/ld+json\" class=\"yoast-schema-graph\">{\"@context\":\"https:\/\/schema.org\",\"@graph\":[{\"@type\":\"WebPage\",\"@id\":\"https:\/\/gehwaehlen-duesseldorf.de\/22\/kandidatin\/christine-rachner\/\",\"url\":\"https:\/\/gehwaehlen-duesseldorf.de\/22\/kandidatin\/christine-rachner\/\",\"name\":\"Christine Rachner - gehw\u00e4hlen22 - Dein Wahlportal zu den NRW-Wahlen\",\"isPartOf\":{\"@id\":\"https:\/\/gehwaehlen-duesseldorf.de\/22\/#website\"},\"primaryImageOfPage\":{\"@id\":\"https:\/\/gehwaehlen-duesseldorf.de\/22\/kandidatin\/christine-rachner\/#primaryimage\"},\"image\":{\"@id\":\"https:\/\/gehwaehlen-duesseldorf.de\/22\/kandidatin\/christine-rachner\/#primaryimage\"},\"thumbnailUrl\":\"https:\/\/gehwaehlen-duesseldorf.de\/22\/wp-content\/uploads\/sites\/2\/2022\/03\/rachner.jpg\",\"datePublished\":\"2022-03-23T12:19:18+00:00\",\"breadcrumb\":{\"@id\":\"https:\/\/gehwaehlen-duesseldorf.de\/22\/kandidatin\/christine-rachner\/#breadcrumb\"},\"inLanguage\":\"de\",\"potentialAction\":[{\"@type\":\"ReadAction\",\"target\":[\"https:\/\/gehwaehlen-duesseldorf.de\/22\/kandidatin\/christine-rachner\/\"]}]},{\"@type\":\"ImageObject\",\"inLanguage\":\"de\",\"@id\":\"https:\/\/gehwaehlen-duesseldorf.de\/22\/kandidatin\/christine-rachner\/#primaryimage\",\"url\":\"https:\/\/gehwaehlen-duesseldorf.de\/22\/wp-content\/uploads\/sites\/2\/2022\/03\/rachner.jpg\",\"contentUrl\":\"https:\/\/gehwaehlen-duesseldorf.de\/22\/wp-content\/uploads\/sites\/2\/2022\/03\/rachner.jpg\",\"width\":600,\"height\":800},{\"@type\":\"BreadcrumbList\",\"@id\":\"https:\/\/gehwaehlen-duesseldorf.de\/22\/kandidatin\/christine-rachner\/#breadcrumb\",\"itemListElement\":[{\"@type\":\"ListItem\",\"position\":1,\"name\":\"Startseite\",\"item\":\"https:\/\/gehwaehlen-duesseldorf.de\/22\/\"},{\"@type\":\"ListItem\",\"position\":2,\"name\":\"Christine Rachner\"}]},{\"@type\":\"WebSite\",\"@id\":\"https:\/\/gehwaehlen-duesseldorf.de\/22\/#website\",\"url\":\"https:\/\/gehwaehlen-duesseldorf.de\/22\/\",\"name\":\"gehw\u00e4hlen22 - Dein Wahlportal zu den NRW-Wahlen\",\"description\":\"Eine weitere gehw\u00e4hlen, D\u00fcsseldorf! Website\",\"potentialAction\":[{\"@type\":\"SearchAction\",\"target\":{\"@type\":\"EntryPoint\",\"urlTemplate\":\"https:\/\/gehwaehlen-duesseldorf.de\/22\/?s={search_term_string}\"},\"query-input\":{\"@type\":\"PropertyValueSpecification\",\"valueRequired\":true,\"valueName\":\"search_term_string\"}}],\"inLanguage\":\"de\"}]}<\/script>\n<!-- \/ Yoast SEO plugin. -->","yoast_head_json":{"title":"Christine Rachner - gehw\u00e4hlen22 - Dein Wahlportal zu den NRW-Wahlen","robots":{"index":"index","follow":"follow","max-snippet":"max-snippet:-1","max-image-preview":"max-image-preview:large","max-video-preview":"max-video-preview:-1"},"canonical":"https:\/\/gehwaehlen-duesseldorf.de\/22\/kandidatin\/christine-rachner\/","og_locale":"de_DE","og_type":"article","og_title":"Christine Rachner - gehw\u00e4hlen22 - Dein Wahlportal zu den NRW-Wahlen","og_description":"Christine Rachner tritt f\u00fcr die FDP im Wahlkreis D\u00fcsseldorf II an. Sie von Beruf \u00c4rztin f\u00fcr An\u00e4sthesie.","og_url":"https:\/\/gehwaehlen-duesseldorf.de\/22\/kandidatin\/christine-rachner\/","og_site_name":"gehw\u00e4hlen22 - Dein Wahlportal zu den NRW-Wahlen","og_image":[{"width":600,"height":800,"url":"https:\/\/gehwaehlen-duesseldorf.de\/22\/wp-content\/uploads\/sites\/2\/2022\/03\/rachner.jpg","type":"image\/jpeg"}],"twitter_card":"summary_large_image","schema":{"@context":"https:\/\/schema.org","@graph":[{"@type":"WebPage","@id":"https:\/\/gehwaehlen-duesseldorf.de\/22\/kandidatin\/christine-rachner\/","url":"https:\/\/gehwaehlen-duesseldorf.de\/22\/kandidatin\/christine-rachner\/","name":"Christine Rachner - gehw\u00e4hlen22 - Dein Wahlportal zu den NRW-Wahlen","isPartOf":{"@id":"https:\/\/gehwaehlen-duesseldorf.de\/22\/#website"},"primaryImageOfPage":{"@id":"https:\/\/gehwaehlen-duesseldorf.de\/22\/kandidatin\/christine-rachner\/#primaryimage"},"image":{"@id":"https:\/\/gehwaehlen-duesseldorf.de\/22\/kandidatin\/christine-rachner\/#primaryimage"},"thumbnailUrl":"https:\/\/gehwaehlen-duesseldorf.de\/22\/wp-content\/uploads\/sites\/2\/2022\/03\/rachner.jpg","datePublished":"2022-03-23T12:19:18+00:00","breadcrumb":{"@id":"https:\/\/gehwaehlen-duesseldorf.de\/22\/kandidatin\/christine-rachner\/#breadcrumb"},"inLanguage":"de","potentialAction":[{"@type":"ReadAction","target":["https:\/\/gehwaehlen-duesseldorf.de\/22\/kandidatin\/christine-rachner\/"]}]},{"@type":"ImageObject","inLanguage":"de","@id":"https:\/\/gehwaehlen-duesseldorf.de\/22\/kandidatin\/christine-rachner\/#primaryimage","url":"https:\/\/gehwaehlen-duesseldorf.de\/22\/wp-content\/uploads\/sites\/2\/2022\/03\/rachner.jpg","contentUrl":"https:\/\/gehwaehlen-duesseldorf.de\/22\/wp-content\/uploads\/sites\/2\/2022\/03\/rachner.jpg","width":600,"height":800},{"@type":"BreadcrumbList","@id":"https:\/\/gehwaehlen-duesseldorf.de\/22\/kandidatin\/christine-rachner\/#breadcrumb","itemListElement":[{"@type":"ListItem","position":1,"name":"Startseite","item":"https:\/\/gehwaehlen-duesseldorf.de\/22\/"},{"@type":"ListItem","position":2,"name":"Christine Rachner"}]},{"@type":"WebSite","@id":"https:\/\/gehwaehlen-duesseldorf.de\/22\/#website","url":"https:\/\/gehwaehlen-duesseldorf.de\/22\/","name":"gehw\u00e4hlen22 - Dein Wahlportal zu den NRW-Wahlen","description":"Eine weitere gehw\u00e4hlen, D\u00fcsseldorf! Website","potentialAction":[{"@type":"SearchAction","target":{"@type":"EntryPoint","urlTemplate":"https:\/\/gehwaehlen-duesseldorf.de\/22\/?s={search_term_string}"},"query-input":{"@type":"PropertyValueSpecification","valueRequired":true,"valueName":"search_term_string"}}],"inLanguage":"de"}]}},"_links":{"self":[{"href":"https:\/\/gehwaehlen-duesseldorf.de\/22\/wp-json\/wp\/v2\/kandidatin\/316","targetHints":{"allow":["GET"]}}],"collection":[{"href":"https:\/\/gehwaehlen-duesseldorf.de\/22\/wp-json\/wp\/v2\/kandidatin"}],"about":[{"href":"https:\/\/gehwaehlen-duesseldorf.de\/22\/wp-json\/wp\/v2\/types\/kandidatin"}],"wp:featuredmedia":[{"embeddable":true,"href":"https:\/\/gehwaehlen-duesseldorf.de\/22\/wp-json\/wp\/v2\/media\/453"}],"wp:attachment":[{"href":"https:\/\/gehwaehlen-duesseldorf.de\/22\/wp-json\/wp\/v2\/media?parent=316"}],"wp:term":[{"taxonomy":"partei","embeddable":true,"href":"https:\/\/gehwaehlen-duesseldorf.de\/22\/wp-json\/wp\/v2\/partei?post=316"},{"taxonomy":"schwerpunkte","embeddable":true,"href":"https:\/\/gehwaehlen-duesseldorf.de\/22\/wp-json\/wp\/v2\/schwerpunkte?post=316"},{"taxonomy":"wahlkreis","embeddable":true,"href":"https:\/\/gehwaehlen-duesseldorf.de\/22\/wp-json\/wp\/v2\/wahlkreis?post=316"}],"curies":[{"name":"wp","href":"https:\/\/api.w.org\/{rel}","templated":true}]}}

<p>Christine Rachner tritt für die FDP im Wahlkreis Düsseldorf II an. Sie von Beruf Ärztin für Anästhesie.</p>

<!-- This site is optimized with the Yoast SEO plugin v26.6 - https://yoast.com/wordpress/plugins/seo/ -->
<title>Christine Rachner - gehwählen22 - Dein Wahlportal zu den NRW-Wahlen</title>
<meta name="robots" content="index, follow, max-snippet:-1, max-image-preview:large, max-video-preview:-1" />
<link rel="canonical" href="https://gehwaehlen-duesseldorf.de/22/kandidatin/christine-rachner/" />
<meta property="og:locale" content="de_DE" />
<meta property="og:type" content="article" />
<meta property="og:title" content="Christine Rachner - gehwählen22 - Dein Wahlportal zu den NRW-Wahlen" />
<meta property="og:description" content="Christine Rachner tritt für die FDP im Wahlkreis Düsseldorf II an. Sie von Beruf Ärztin für Anästhesie." />
<meta property="og:url" content="https://gehwaehlen-duesseldorf.de/22/kandidatin/christine-rachner/" />
<meta property="og:site_name" content="gehwählen22 - Dein Wahlportal zu den NRW-Wahlen" />
<meta property="og:image" content="https://gehwaehlen-duesseldorf.de/22/wp-content/uploads/sites/2/2022/03/rachner.jpg" />
	<meta property="og:image:width" content="600" />
	<meta property="og:image:height" content="800" />
	<meta property="og:image:type" content="image/jpeg" />
<meta name="twitter:card" content="summary_large_image" />
<script type="application/ld+json" class="yoast-schema-graph">{"@context":"https://schema.org","@graph":[{"@type":"WebPage","@id":"https://gehwaehlen-duesseldorf.de/22/kandidatin/christine-rachner/","url":"https://gehwaehlen-duesseldorf.de/22/kandidatin/christine-rachner/","name":"Christine Rachner - gehwählen22 - Dein Wahlportal zu den NRW-Wahlen","isPartOf":{"@id":"https://gehwaehlen-duesseldorf.de/22/#website"},"primaryImageOfPage":{"@id":"https://gehwaehlen-duesseldorf.de/22/kandidatin/christine-rachner/#primaryimage"},"image":{"@id":"https://gehwaehlen-duesseldorf.de/22/kandidatin/christine-rachner/#primaryimage"},"thumbnailUrl":"https://gehwaehlen-duesseldorf.de/22/wp-content/uploads/sites/2/2022/03/rachner.jpg","datePublished":"2022-03-23T12:19:18+00:00","breadcrumb":{"@id":"https://gehwaehlen-duesseldorf.de/22/kandidatin/christine-rachner/#breadcrumb"},"inLanguage":"de","potentialAction":[{"@type":"ReadAction","target":["https://gehwaehlen-duesseldorf.de/22/kandidatin/christine-rachner/"]}]},{"@type":"ImageObject","inLanguage":"de","@id":"https://gehwaehlen-duesseldorf.de/22/kandidatin/christine-rachner/#primaryimage","url":"https://gehwaehlen-duesseldorf.de/22/wp-content/uploads/sites/2/2022/03/rachner.jpg","contentUrl":"https://gehwaehlen-duesseldorf.de/22/wp-content/uploads/sites/2/2022/03/rachner.jpg","width":600,"height":800},{"@type":"BreadcrumbList","@id":"https://gehwaehlen-duesseldorf.de/22/kandidatin/christine-rachner/#breadcrumb","itemListElement":[{"@type":"ListItem","position":1,"name":"Startseite","item":"https://gehwaehlen-duesseldorf.de/22/"},{"@type":"ListItem","position":2,"name":"Christine Rachner"}]},{"@type":"WebSite","@id":"https://gehwaehlen-duesseldorf.de/22/#website","url":"https://gehwaehlen-duesseldorf.de/22/","name":"gehwählen22 - Dein Wahlportal zu den NRW-Wahlen","description":"Eine weitere gehwählen, Düsseldorf! Website","potentialAction":[{"@type":"SearchAction","target":{"@type":"EntryPoint","urlTemplate":"https://gehwaehlen-duesseldorf.de/22/?s={search_term_string}"},"query-input":{"@type":"PropertyValueSpecification","valueRequired":true,"valueName":"search_term_string"}}],"inLanguage":"de"}]}</script>
<!-- / Yoast SEO plugin. -->

Christine Rachner - gehwählen22 - Dein Wahlportal zu den NRW-Wahlen

Christine Rachner tritt für die FDP im Wahlkreis Düsseldorf II an. Sie von Beruf Ärztin für Anästhesie.

gehwählen22 - Dein Wahlportal zu den NRW-Wahlen

Eine weitere gehwählen, Düsseldorf! Website
